15 + 43?
2d
In base 8, what is 23 + 101?
124
In base 11, what is -20 + -71?
-91
In base 10, what is -364 - 2?
-366
In base 10, what is -3717 - 0?
-3717
In base 15, what is 5 - -20?
25
In base 3, what is 10112 + -10?
10102
In base 13, what is 13 - 3?
10
In base 15, what is -4 + a?
6
In base 14, what is -79 - -4?
-75
In base 13, what is -3 - -1b4?
1b1
In base 13, what is -4 + 1c2?
1bb
In base 10, what is 20 - 7?
13
In base 9, what is -61 - -111?
40
In base 5, what is -2014 - 3?
-2022
In base 7, what is -131331 + 2?
-131326
In base 7, what is 1 + -434?
-433
In base 14, what is 4 + -2503?
-24dd
In base 7, what is -31 - -150?
116
In base 3, what is -100102 + 11?
-100021
In base 2, what is 10 - -1001100?
1001110
In base 13, what is -5 + -20?
-25
In base 6, what is 120 + 3?
123
In base 12, what is 931 + 5?
936
In base 8, what is 446 + 21?
467
In base 10, what is -5 + 46?
41
In base 12, what is 5 - -19?
22
In base 9, what is -3 + 20?
16
In base 7, what is 2 - -622?
624
In base 15, what is 30 + 3?
33
In base 14, what is -1 - 4d?
-50
In base 15, what is 32 + -4?
2d
In base 15, what is 6a - 0?
6a
In base 2, what is -1100 + 1011?
-1
In base 15, what is 23 + 44?
67
In base 16, what is 5 - -4d2?
4d7
In base 7, what is 0 - -13?
13
In base 7, what is -1012 + -4?
-1016
In base 16, what is -3 + 10?
d
In base 7, what is 2645 + 0?
2645
In base 8, what is 576 - 6?
570
In base 9, what is -868 + 4?
-864
In base 14, what is 55 - -4?
59
In base 6, what is -41 - -15?
-22
In base 13, what is -5b + -36?
-94
In base 7, what is 1052 - -4?
1056
In base 3, what is 12 - -20011?
20100
In base 3, what is 12 + -21?
-2
In base 16, what is 5 + dd3?
dd8
In base 2, what is 11 + 101101?
110000
In base 5, what is 11 + -13?
-2
In base 8, what is -310 - -1?
-307
In base 16, what is 2 - 335?
-333
In base 2, what is -100100000 + 101?
-100011011
In base 7, what is 5 + -126?
-121
In base 16, what is 56 - 15?
41
In base 16, what is 67 - 1?
66
In base 10, what is -135 + -1?
-136
In base 9, what is -5532 + -4?
-5536
In base 14, what is 9c5 + 2?
9c7
In base 5, what is -1 + 414?
413
In base 13, what is -6 + -28?
-31
In base 3, what is -101220 + -10?
-102000
In base 7, what is -4 - -22053?
22046
In base 11, what is -5 - 3a9?
-403
In base 5, what is 2 - 141?
-134
In base 9, what is 0 - 205?
-205
In base 14, what is -124 + -6a?
-190
In base 10, what is 2 + 23?
25
In base 4, what is 123122 - 3?
123113
In base 8, what is -103 - 13?
-116
In base 13, what is -29 + 2?
-27
In base 11, what is -279 - 4?
-282
In base 5, what is 0 - -21133?
21133
In base 2, what is -10110011 - -10?
-10110001
In base 8, what is -265 + -4?
-271
In base 2, what is -10110001001 - -111?
-10110000010
In base 16, what is 3 + -40?
-3d
In base 6, what is 12215 - 3?
12212
In base 13, what is 19 - -97?
b3
In base 3, what is -1 - 2?
-10
In base 14, what is -1612 - -4?
-160c
In base 13, what is 3 - -22?
25
In base 12, what is 23b + -4?
237
In base 6, what is 521 - 55?
422
In base 7, what is -2 + -152?
-154
In base 10, what is 4 - -414?
418
In base 2, what is -110 - 110101?
-111011
In base 2, what is -100100 + 0?
-100100
In base 6, what is 4440 - 20?
4420
In base 6, what is 101 - -152?
253
In base 16, what is 7 + 66?
6d
In base 2, what is 11000110 - 111?
10111111
In base 7, what is -6 + 120?
111
In base 13, what is -4 - 6c?
-73
In base 11, what is 29 - -23?
51
In base 13, what is -1 + 79?
78
In base 16, what is 3 + be?
c1
In base 7, what is 5 + -243?
-235
In base 8, what is -13 + 2?
-11
In base 13, what is 0 - cb2?
-cb2
In base 15, what is -66 + 7d?
17
In base 13, what is 1c9 - 1?
1c8
In base 16, what is 5 + 0?
5
In base 9, what is -1 - 426?
-427
In base 10, what is 20 + -7?
13
In base 8, what is 0 - 356?
-356
In base 6, what is -3 - 25010?
-25013
In base 8, what is -451 + 5?
-444
In base 14, what is 2 + 36?
38
In base 8, what is 5 + -11254?
-11247
In base 5, what is 41 + 123?
214
In base 12, what is -1 - -7?
6
In base 14, what is -1001 - 1?
-1002
In base 14, what is 28 + 2?
2a
In base 10, what is -144 + 176?
32
In base 4, what is -301 + -3?
-310
In base 3, what is -10 - -1122210?
1122200
In base 11, what is 3 - -753?
756
In base 15, what is -15 + 20?
a
In base 12, what is 2 + -120a?
-1208
In base 4, what is -10221 + -1?
-10222
In base 7, what is 62 - 5?
54
In base 14, what is 217 - 3?
214
In base 4, what is 102 + 3202?
3310
In base 11, what is -3 + -108?
-110
In base 9, what is 15 - -6?
22
In base 7, what is -21052 - 1?
-21053
In base 12, what is 3 - 11a?
-117
In base 13, what is 0 + 355?
355
In base 7, what is -16 - 1450?
-1466
In base 5, what is 240 - 1?
234
In base 13, what is 3 - 1168?
-1165
In base 12, what is 677 + -4?
673
In base 5, what is -30 - 10?
-40
In base 8, what is 34 - -5?
41
In base 13, what is -5 + -29?
-31
In base 9, what is -2732 + -1?
-2733
In base 4, what is -10 - -10?
0
In base 2, what is 10111101010 + -1?
10111101001
In base 6, what is -1 - 30213?
-30214
In base 9, what is 361 - 127?
233
In base 2, what is 100 + 10011110011?
10011110111
In base 6, what is -10 - 32?
-42
In base 12, what is 3 + 10a?
111
In base 14, what is 59d6 - 0?
59d6
In base 8, what is 373 + 0?
373
In base 4, what is 13 + -2113?
-2100
In base 15, what is -4 + 19?
15
In base 8, what is 1 - -656?
657
In base 9, what is 48 + 82?
141
In base 9, what is 14 - 5?
8
In base 9, what is -2524 + 7?
-2516
In base 10, what is 1 - 398?
-397
In base 2, what is -1111000101 + -100?
-1111001001
In base 7, what is 53000 - 5?
52662
In base 6, what is 202 - -55?
301
In base 2, what is -10001100 + -10?
-10001110
In base 3, what is 21 + -1211?
-1120
In base 2, what is -10 + -110100011?
-110100101
In base 3, what is 2112 - 12?
2100
In base 14, what is 16b - -3?
170
In base 5, what is 1144 - 22?
1122
In base 16, what is -12 + 5?
-d
In base 9, what is -545 - -1?
-544
In base 14, what is 1a - -168?
184
In base 11, what is 7 - 50?
-44
In base 4, what is 0 - -21?
21
In base 13, what is -52 + 5?
-4a
In base 2, what is 1111 - 100?
1011
In base 8, what is 0 + -21?
-21
In base 14, what is 4 + -49c?
-498
In base 12, what is 3 + 176?
179
In base 4, what is -31 + -212?
-303
In base 10, what is 906 - -2?
908
In base 2, what is 1110100 - 1?
1110011
In base 10, what is 11 - 14?
-3
In base 7, what is -110114 - 4?
-110121
In base 12, what is -5 - 1133?
-1138
In base 3, what is 20122 - -12?
20211
In base 3, what is 1 + 200?
201
In base 10, what is -3464 + -1?
-3465
In base 11, what is 38 + 91?
119
In base 9, what is -78 - 2?
-81
In base 6, what is -213 - -5?
-204
In base 5, what is 112 - 43?
14
In base 7, what is 0 + 546?
546
In base 15, what is -3 + 463?
460
In base 14, what is -29 - -2b?
2
In base 10, what is 2772 - 3?
2769
In base 16, what is -2b8 - -1?
-2b7
In base 6, what is -244 - -1?
-243
In base 12, what is 22 + 191?
1b3
In base 9, what is -131 - 6?
-137
In base 16, what is -13 - -1c?
9
In base 4, what is 1103 + 30?
1133
In base 3, what is -20222 + -12?
-21011
In base 11, what is 25 - -3a3?
418
In base 4, what is 20 - -13?
33
In base 14, what is 48b + 3?
490
In base 3, what is -201 + 11120?
10212
In base 3, what is 2 + -1101122?
-1101120
In base 9, what is 854 - -5?
860
In base 10, what is 87 + -70?
17
In base 2, what is -1000011100 + 1110?
-1000001110
In base 15, what is 52 + 5?
57
In base 9, what is 2257 - 1?
2256
In base 8, what is -34152 + -2?
-34154
In base 16, what is b + -29?
-1e
In base 13, what is 1 + -101?
-100
In base 7, what is -4 - -1235?
1231
In base 9, what is 8480 + -2?
8477
In base 6, what is -102 + -442?
-544
In base 10, what is 1 - -1896?
1897
In base 5, what is -40 + -3?
-43
In base 14, what is -5 - -95?
90
In base 5, what is 1 + 343?
344
In base 7, what is 1032 + -3?
1026
In base 6, what is 5 + -135?
-130
In base 13, what is -b - -50?
42
In base 3, what is -12 + -201222?
-202011
In base 2, what is 11001101 + -101?
11001000
In base 9, what is 0 + 5?
5
In base 6, what is 153002 + -4?
152554
In base 13, what is -8 - 31?
-39
In base 11, what is 11 + aa?
110
In base 14, what is 28d + -3?
28a
In base 4, what is 10 + -31211?
-31201
In base 16, what is -4 - -3e?
3a
In base 7, what is -2 - -20?
15
In base 2, what is -11100100 + 10?
-11100010
In base 7, what is 3 - 2121?
-2115
In base 7, what is 3 + 11?
14
In base 2, what is -101 - -1111?
1010
In base 7, what is